{"id":328,"date":"2023-03-16T17:08:46","date_gmt":"2023-03-16T16:08:46","guid":{"rendered":"https:\/\/www.drentklubben.se\/wordpress\/?page_id=328"},"modified":"2023-07-15T09:05:51","modified_gmt":"2023-07-15T07:05:51","slug":"kopa-hund","status":"publish","type":"page","link":"https:\/\/www.drentklubben.se\/web\/kopa-hund\/","title":{"rendered":"K\u00f6pa hund"},"content":{"rendered":"<div class=\"wp-block-kadence-posts kb-posts kb-posts-id-_648645-2a content-wrap grid-cols kb-posts-style-boxed grid-sm-col-1 grid-lg-col-1 item-image-style-beside\"><article class=\"entry content-bg loop-entry post-1081 post type-post status-publish format-standard hentry category-aktuella-valpkullar category-framsida\">\n\t\t<div class=\"entry-content-wrap\">\n\t\t<header class=\"entry-header\">\n\t\t<div class=\"entry-taxonomies\">\n\t\t<span class=\"category-links term-links category-style-normal\">\n\t\t\t<a href=\"https:\/\/www.drentklubben.se\/web\/category\/aktuella-valpkullar\/\" class=\"category-link-aktuella-valpkullar\" rel=\"tag\">Aktuella valpkullar<\/a> | <a href=\"https:\/\/www.drentklubben.se\/web\/category\/framsida\/\" class=\"category-link-framsida\" rel=\"tag\">Framsida<\/a>\t\t<\/span>\n\t<\/div><!-- .entry-taxonomies -->\n\t<h3 class=\"entry-title\"><a href=\"https:\/\/www.drentklubben.se\/web\/forsta-inkorsningskullen-drentsche-patrijshond-och-kleine-munsterlander\/\" rel=\"bookmark\">F\u00f6rsta inkorsningskullen drentsche patrijshond och kleine munsterl\u00e4nder.<\/a><\/h3>\t<div class=\"entry-meta entry-meta-divider-dot\">\n\t\t\t\t<span class=\"posted-on\">\n\t\t\t\t<time class=\"entry-date published\" datetime=\"2025-05-24T19:03:43+02:00\">24 maj 2025<\/time><time class=\"updated\" datetime=\"2025-05-24T19:19:06+02:00\">24 maj 2025<\/time>\t\t\t<\/span>\n\t\t\t\t<\/div><!-- .entry-meta -->\n\t<\/header><!-- .entry-header -->\n\t<div class=\"entry-summary\">\n\t\t<p>Valpar f\u00f6rv\u00e4ntas midsommar 2025 mellan Renslingans Gilda (drentsche patrijshond) och Munsterhusets Figo (kleine munsterl\u00e4nder). Gilda och Figo \u00e4r tv\u00e5 hundar i sin b\u00e4sta \u00e5lder med dokumenterat god h\u00e4lsa, trevlig mentalitet och utm\u00e4rkta jaktliga egenskaper. B\u00e5da har haft kullar tidigare. F\u00f6r mer information, se parninginfo under aktuella valpkullar.<\/p>\n\t<\/div><!-- .entry-summary -->\n\t<footer class=\"entry-footer\">\n\t\t\t<div class=\"entry-actions\">\n\t\t\t<p class=\"more-link-wrap\">\n\t\t\t\t<a href=\"https:\/\/www.drentklubben.se\/web\/forsta-inkorsningskullen-drentsche-patrijshond-och-kleine-munsterlander\/\" class=\"post-more-link\">\n\t\t\t\t\tRead More<span class=\"screen-reader-text\"> F\u00f6rsta inkorsningskullen drentsche patrijshond och kleine munsterl\u00e4nder.<\/span><span class=\"kadence-svg-iconset svg-baseline\"><svg aria-hidden=\"true\" class=\"kadence-svg-icon kadence-arrow-right-alt-svg\" fill=\"currentColor\" version=\"1.1\" xmlns=\"http:\/\/www.w3.org\/2000\/svg\" width=\"27\" height=\"28\" viewBox=\"0 0 27 28\"><title>Continue<\/title><path d=\"M27 13.953c0 0.141-0.063 0.281-0.156 0.375l-6 5.531c-0.156 0.141-0.359 0.172-0.547 0.094-0.172-0.078-0.297-0.25-0.297-0.453v-3.5h-19.5c-0.281 0-0.5-0.219-0.5-0.5v-3c0-0.281 0.219-0.5 0.5-0.5h19.5v-3.5c0-0.203 0.109-0.375 0.297-0.453s0.391-0.047 0.547 0.078l6 5.469c0.094 0.094 0.156 0.219 0.156 0.359v0z\"><\/path>\n\t\t\t<\/svg><\/span>\t\t\t\t<\/a>\n\t\t\t<\/p>\n\t\t<\/div><!-- .entry-actions -->\n\t\t<\/footer><!-- .entry-footer -->\t<\/div>\n<\/article>\n<article class=\"entry content-bg loop-entry post-965 post type-post status-publish format-standard hentry category-aktuella-valpkullar category-framsida\">\n\t\t<div class=\"entry-content-wrap\">\n\t\t<header class=\"entry-header\">\n\t\t<div class=\"entry-taxonomies\">\n\t\t<span class=\"category-links term-links category-style-normal\">\n\t\t\t<a href=\"https:\/\/www.drentklubben.se\/web\/category\/aktuella-valpkullar\/\" class=\"category-link-aktuella-valpkullar\" rel=\"tag\">Aktuella valpkullar<\/a> | <a href=\"https:\/\/www.drentklubben.se\/web\/category\/framsida\/\" class=\"category-link-framsida\" rel=\"tag\">Framsida<\/a>\t\t<\/span>\n\t<\/div><!-- .entry-taxonomies -->\n\t<h3 class=\"entry-title\"><a href=\"https:\/\/www.drentklubben.se\/web\/genomford-parning-kennel-friends-delight\/\" rel=\"bookmark\">Genomf\u00f6rd parning Kennel Friend\u00b4s Delight<\/a><\/h3>\t<div class=\"entry-meta entry-meta-divider-dot\">\n\t\t\t\t<span class=\"posted-on\">\n\t\t\t\t<time class=\"entry-date published updated\" datetime=\"2025-03-21T14:51:48+01:00\">21 mars 2025<\/time>\t\t\t<\/span>\n\t\t\t\t<\/div><!-- .entry-meta -->\n\t<\/header><!-- .entry-header -->\n\t<div class=\"entry-summary\">\n\t\t<p>Parning genomf\u00f6rd, valpar v\u00e4ntas lagom till p\u00e5sk! Se parningsannons f\u00f6r mer info:<\/p>\n\t<\/div><!-- .entry-summary -->\n\t<footer class=\"entry-footer\">\n\t\t\t<div class=\"entry-actions\">\n\t\t\t<p class=\"more-link-wrap\">\n\t\t\t\t<a href=\"https:\/\/www.drentklubben.se\/web\/genomford-parning-kennel-friends-delight\/\" class=\"post-more-link\">\n\t\t\t\t\tRead More<span class=\"screen-reader-text\"> Genomf\u00f6rd parning Kennel Friend\u00b4s Delight<\/span><span class=\"kadence-svg-iconset svg-baseline\"><svg aria-hidden=\"true\" class=\"kadence-svg-icon kadence-arrow-right-alt-svg\" fill=\"currentColor\" version=\"1.1\" xmlns=\"http:\/\/www.w3.org\/2000\/svg\" width=\"27\" height=\"28\" viewBox=\"0 0 27 28\"><title>Continue<\/title><path d=\"M27 13.953c0 0.141-0.063 0.281-0.156 0.375l-6 5.531c-0.156 0.141-0.359 0.172-0.547 0.094-0.172-0.078-0.297-0.25-0.297-0.453v-3.5h-19.5c-0.281 0-0.5-0.219-0.5-0.5v-3c0-0.281 0.219-0.5 0.5-0.5h19.5v-3.5c0-0.203 0.109-0.375 0.297-0.453s0.391-0.047 0.547 0.078l6 5.469c0.094 0.094 0.156 0.219 0.156 0.359v0z\"><\/path>\n\t\t\t<\/svg><\/span>\t\t\t\t<\/a>\n\t\t\t<\/p>\n\t\t<\/div><!-- .entry-actions -->\n\t\t<\/footer><!-- .entry-footer -->\t<\/div>\n<\/article>\n<article class=\"entry content-bg loop-entry post-780 post type-post status-publish format-standard hentry category-framsida category-omplacering\">\n\t\t<div class=\"entry-content-wrap\">\n\t\t<header class=\"entry-header\">\n\t\t<div class=\"entry-taxonomies\">\n\t\t<span class=\"category-links term-links category-style-normal\">\n\t\t\t<a href=\"https:\/\/www.drentklubben.se\/web\/category\/framsida\/\" class=\"category-link-framsida\" rel=\"tag\">Framsida<\/a> | <a href=\"https:\/\/www.drentklubben.se\/web\/category\/omplacering\/\" class=\"category-link-omplacering\" rel=\"tag\">Omplacering<\/a>\t\t<\/span>\n\t<\/div><!-- .entry-taxonomies -->\n\t<h3 class=\"entry-title\"><a href=\"https:\/\/www.drentklubben.se\/web\/hertha-soker-hem\/\" rel=\"bookmark\">Hertha s\u00f6ker sin nya familj<\/a><\/h3>\t<div class=\"entry-meta entry-meta-divider-dot\">\n\t\t\t\t<span class=\"posted-on\">\n\t\t\t\t<time class=\"entry-date published\" datetime=\"2024-07-30T15:51:39+02:00\">30 juli 2024<\/time><time class=\"updated\" datetime=\"2024-07-30T15:53:59+02:00\">30 juli 2024<\/time>\t\t\t<\/span>\n\t\t\t\t<\/div><!-- .entry-meta -->\n\t<\/header><!-- .entry-header -->\n\t<div class=\"entry-summary\">\n\t\t<p>Hertha s\u00f6ker ett hem d\u00e4r hon f\u00e5r arbeta med b\u00e5de kropp och knopp, n\u00e5gon med tid och engagemang f\u00f6r att utveckla hennes jaktf\u00e4rdigheter, s\u00e5v\u00e4l som ett k\u00e4rleksfullt hem d\u00e4r hon kan f\u00e5 mycket uppm\u00e4rksamhet och aktivitet. Herta \u00e4r en 3-\u00e5rig tik som kommer fr\u00e5n meriterade f\u00f6r\u00e4ldrar (Renslingan H-kull, Rinus V.t\u00b4Wilhoeckske\/Renslingans Connie). En v\u00e4lvillig och uppm\u00e4rksam&#8230;<\/p>\n\t<\/div><!-- .entry-summary -->\n\t<footer class=\"entry-footer\">\n\t\t\t<div class=\"entry-actions\">\n\t\t\t<p class=\"more-link-wrap\">\n\t\t\t\t<a href=\"https:\/\/www.drentklubben.se\/web\/hertha-soker-hem\/\" class=\"post-more-link\">\n\t\t\t\t\tRead More<span class=\"screen-reader-text\"> Hertha s\u00f6ker sin nya familj<\/span><span class=\"kadence-svg-iconset svg-baseline\"><svg aria-hidden=\"true\" class=\"kadence-svg-icon kadence-arrow-right-alt-svg\" fill=\"currentColor\" version=\"1.1\" xmlns=\"http:\/\/www.w3.org\/2000\/svg\" width=\"27\" height=\"28\" viewBox=\"0 0 27 28\"><title>Continue<\/title><path d=\"M27 13.953c0 0.141-0.063 0.281-0.156 0.375l-6 5.531c-0.156 0.141-0.359 0.172-0.547 0.094-0.172-0.078-0.297-0.25-0.297-0.453v-3.5h-19.5c-0.281 0-0.5-0.219-0.5-0.5v-3c0-0.281 0.219-0.5 0.5-0.5h19.5v-3.5c0-0.203 0.109-0.375 0.297-0.453s0.391-0.047 0.547 0.078l6 5.469c0.094 0.094 0.156 0.219 0.156 0.359v0z\"><\/path>\n\t\t\t<\/svg><\/span>\t\t\t\t<\/a>\n\t\t\t<\/p>\n\t\t<\/div><!-- .entry-actions -->\n\t\t<\/footer><!-- .entry-footer -->\t<\/div>\n<\/article>\n<\/div>","protected":false},"excerpt":{"rendered":"","protected":false},"author":1,"featured_media":0,"parent":0,"menu_order":0,"comment_status":"closed","ping_status":"closed","template":"","meta":{"_monsterinsights_skip_tracking":false,"_monsterinsights_sitenote_active":false,"_monsterinsights_sitenote_note":"","_monsterinsights_sitenote_category":0,"_kadence_starter_templates_imported_post":false,"_kad_post_transparent":"","_kad_post_title":"","_kad_post_layout":"","_kad_post_sidebar_id":"","_kad_post_content_style":"","_kad_post_vertical_padding":"","_kad_post_feature":"","_kad_post_feature_position":"","_kad_post_header":false,"_kad_post_footer":false,"footnotes":""},"class_list":["post-328","page","type-page","status-publish","hentry"],"yoast_head":"<!-- This site is optimized with the Yoast SEO plugin v25.6 - https:\/\/yoast.com\/wordpress\/plugins\/seo\/ -->\n<title>K\u00f6pa hund - Svenska Drentsche Patrijshondklubben<\/title>\n<meta name=\"robots\" content=\"index, follow, max-snippet:-1, max-image-preview:large, max-video-preview:-1\" \/>\n<link rel=\"canonical\" href=\"https:\/\/www.drentklubben.se\/web\/kopa-hund\/\" \/>\n<meta property=\"og:locale\" content=\"sv_SE\" \/>\n<meta property=\"og:type\" content=\"article\" \/>\n<meta property=\"og:title\" content=\"K\u00f6pa hund - Svenska Drentsche Patrijshondklubben\" \/>\n<meta property=\"og:url\" content=\"https:\/\/www.drentklubben.se\/web\/kopa-hund\/\" \/>\n<meta property=\"og:site_name\" content=\"Svenska Drentsche Patrijshondklubben\" \/>\n<meta property=\"article:publisher\" content=\"https:\/\/www.facebook.com\/profile.php?id=100064533828543\" \/>\n<meta property=\"article:modified_time\" content=\"2023-07-15T07:05:51+00:00\" \/>\n<meta property=\"og:image\" content=\"https:\/\/www.drentklubben.se\/wp-content\/uploads\/2023\/03\/Raya_parning.jpg\" \/>\n\t<meta property=\"og:image:width\" content=\"1920\" \/>\n\t<meta property=\"og:image:height\" content=\"2560\" \/>\n\t<meta property=\"og:image:type\" content=\"image\/jpeg\" \/>\n<meta name=\"twitter:card\" content=\"summary_large_image\" \/>\n<script type=\"application\/ld+json\" class=\"yoast-schema-graph\">{\"@context\":\"https:\/\/schema.org\",\"@graph\":[{\"@type\":\"WebPage\",\"@id\":\"https:\/\/www.drentklubben.se\/web\/kopa-hund\/\",\"url\":\"https:\/\/www.drentklubben.se\/web\/kopa-hund\/\",\"name\":\"K\u00f6pa hund - Svenska Drentsche Patrijshondklubben\",\"isPartOf\":{\"@id\":\"https:\/\/www.drentklubben.se\/web\/#website\"},\"datePublished\":\"2023-03-16T16:08:46+00:00\",\"dateModified\":\"2023-07-15T07:05:51+00:00\",\"breadcrumb\":{\"@id\":\"https:\/\/www.drentklubben.se\/web\/kopa-hund\/#breadcrumb\"},\"inLanguage\":\"sv-SE\",\"potentialAction\":[{\"@type\":\"ReadAction\",\"target\":[\"https:\/\/www.drentklubben.se\/web\/kopa-hund\/\"]}]},{\"@type\":\"BreadcrumbList\",\"@id\":\"https:\/\/www.drentklubben.se\/web\/kopa-hund\/#breadcrumb\",\"itemListElement\":[{\"@type\":\"ListItem\",\"position\":1,\"name\":\"Home\",\"item\":\"https:\/\/www.drentklubben.se\/web\/\"},{\"@type\":\"ListItem\",\"position\":2,\"name\":\"K\u00f6pa hund\"}]},{\"@type\":\"WebSite\",\"@id\":\"https:\/\/www.drentklubben.se\/web\/#website\",\"url\":\"https:\/\/www.drentklubben.se\/web\/\",\"name\":\"Svenska Drentsche Patrijshondklubben\",\"description\":\"\",\"publisher\":{\"@id\":\"https:\/\/www.drentklubben.se\/web\/#organization\"},\"potentialAction\":[{\"@type\":\"SearchAction\",\"target\":{\"@type\":\"EntryPoint\",\"urlTemplate\":\"https:\/\/www.drentklubben.se\/web\/?s={search_term_string}\"},\"query-input\":{\"@type\":\"PropertyValueSpecification\",\"valueRequired\":true,\"valueName\":\"search_term_string\"}}],\"inLanguage\":\"sv-SE\"},{\"@type\":\"Organization\",\"@id\":\"https:\/\/www.drentklubben.se\/web\/#organization\",\"name\":\"Svenska Drentsche Patrijshondklubben\",\"url\":\"https:\/\/www.drentklubben.se\/web\/\",\"logo\":{\"@type\":\"ImageObject\",\"inLanguage\":\"sv-SE\",\"@id\":\"https:\/\/www.drentklubben.se\/web\/#\/schema\/logo\/image\/\",\"url\":\"https:\/\/www.drentklubben.se\/wp-content\/uploads\/2023\/03\/cropped-logo-2.jpg\",\"contentUrl\":\"https:\/\/www.drentklubben.se\/wp-content\/uploads\/2023\/03\/cropped-logo-2.jpg\",\"width\":1653,\"height\":1849,\"caption\":\"Svenska Drentsche Patrijshondklubben\"},\"image\":{\"@id\":\"https:\/\/www.drentklubben.se\/web\/#\/schema\/logo\/image\/\"},\"sameAs\":[\"https:\/\/www.facebook.com\/profile.php?id=100064533828543\"]}]}<\/script>\n<!-- \/ Yoast SEO plugin. -->","yoast_head_json":{"title":"K\u00f6pa hund - Svenska Drentsche Patrijshondklubben","robots":{"index":"index","follow":"follow","max-snippet":"max-snippet:-1","max-image-preview":"max-image-preview:large","max-video-preview":"max-video-preview:-1"},"canonical":"https:\/\/www.drentklubben.se\/web\/kopa-hund\/","og_locale":"sv_SE","og_type":"article","og_title":"K\u00f6pa hund - Svenska Drentsche Patrijshondklubben","og_url":"https:\/\/www.drentklubben.se\/web\/kopa-hund\/","og_site_name":"Svenska Drentsche Patrijshondklubben","article_publisher":"https:\/\/www.facebook.com\/profile.php?id=100064533828543","article_modified_time":"2023-07-15T07:05:51+00:00","og_image":[{"width":1920,"height":2560,"url":"https:\/\/www.drentklubben.se\/wp-content\/uploads\/2023\/03\/Raya_parning.jpg","type":"image\/jpeg"}],"twitter_card":"summary_large_image","schema":{"@context":"https:\/\/schema.org","@graph":[{"@type":"WebPage","@id":"https:\/\/www.drentklubben.se\/web\/kopa-hund\/","url":"https:\/\/www.drentklubben.se\/web\/kopa-hund\/","name":"K\u00f6pa hund - Svenska Drentsche Patrijshondklubben","isPartOf":{"@id":"https:\/\/www.drentklubben.se\/web\/#website"},"datePublished":"2023-03-16T16:08:46+00:00","dateModified":"2023-07-15T07:05:51+00:00","breadcrumb":{"@id":"https:\/\/www.drentklubben.se\/web\/kopa-hund\/#breadcrumb"},"inLanguage":"sv-SE","potentialAction":[{"@type":"ReadAction","target":["https:\/\/www.drentklubben.se\/web\/kopa-hund\/"]}]},{"@type":"BreadcrumbList","@id":"https:\/\/www.drentklubben.se\/web\/kopa-hund\/#breadcrumb","itemListElement":[{"@type":"ListItem","position":1,"name":"Home","item":"https:\/\/www.drentklubben.se\/web\/"},{"@type":"ListItem","position":2,"name":"K\u00f6pa hund"}]},{"@type":"WebSite","@id":"https:\/\/www.drentklubben.se\/web\/#website","url":"https:\/\/www.drentklubben.se\/web\/","name":"Svenska Drentsche Patrijshondklubben","description":"","publisher":{"@id":"https:\/\/www.drentklubben.se\/web\/#organization"},"potentialAction":[{"@type":"SearchAction","target":{"@type":"EntryPoint","urlTemplate":"https:\/\/www.drentklubben.se\/web\/?s={search_term_string}"},"query-input":{"@type":"PropertyValueSpecification","valueRequired":true,"valueName":"search_term_string"}}],"inLanguage":"sv-SE"},{"@type":"Organization","@id":"https:\/\/www.drentklubben.se\/web\/#organization","name":"Svenska Drentsche Patrijshondklubben","url":"https:\/\/www.drentklubben.se\/web\/","logo":{"@type":"ImageObject","inLanguage":"sv-SE","@id":"https:\/\/www.drentklubben.se\/web\/#\/schema\/logo\/image\/","url":"https:\/\/www.drentklubben.se\/wp-content\/uploads\/2023\/03\/cropped-logo-2.jpg","contentUrl":"https:\/\/www.drentklubben.se\/wp-content\/uploads\/2023\/03\/cropped-logo-2.jpg","width":1653,"height":1849,"caption":"Svenska Drentsche Patrijshondklubben"},"image":{"@id":"https:\/\/www.drentklubben.se\/web\/#\/schema\/logo\/image\/"},"sameAs":["https:\/\/www.facebook.com\/profile.php?id=100064533828543"]}]}},"_links":{"self":[{"href":"https:\/\/www.drentklubben.se\/web\/wp-json\/wp\/v2\/pages\/328","targetHints":{"allow":["GET"]}}],"collection":[{"href":"https:\/\/www.drentklubben.se\/web\/wp-json\/wp\/v2\/pages"}],"about":[{"href":"https:\/\/www.drentklubben.se\/web\/wp-json\/wp\/v2\/types\/page"}],"author":[{"embeddable":true,"href":"https:\/\/www.drentklubben.se\/web\/wp-json\/wp\/v2\/users\/1"}],"replies":[{"embeddable":true,"href":"https:\/\/www.drentklubben.se\/web\/wp-json\/wp\/v2\/comments?post=328"}],"version-history":[{"count":4,"href":"https:\/\/www.drentklubben.se\/web\/wp-json\/wp\/v2\/pages\/328\/revisions"}],"predecessor-version":[{"id":523,"href":"https:\/\/www.drentklubben.se\/web\/wp-json\/wp\/v2\/pages\/328\/revisions\/523"}],"wp:attachment":[{"href":"https:\/\/www.drentklubben.se\/web\/wp-json\/wp\/v2\/media?parent=328"}],"curies":[{"name":"wp","href":"https:\/\/api.w.org\/{rel}","templated":true}]}}